CRAN Package Check Results for Package MAMS

Last updated on 2022-05-15 01:52:23 CEST.

Flavor Version Tinstall Tcheck Ttotal Status Flags
r-devel-linux-x86_64-debian-clang 2.0.0 5.30 50.97 56.27 OK
r-devel-linux-x86_64-debian-gcc 2.0.0 5.00 38.06 43.06 OK
r-devel-linux-x86_64-fedora-clang 2.0.0 69.63 NOTE
r-devel-linux-x86_64-fedora-gcc 2.0.0 65.57 NOTE
r-devel-windows-x86_64 2.0.0 15.00 67.00 82.00 OK
r-patched-linux-x86_64 2.0.0 7.14 46.99 54.13 OK
r-release-linux-x86_64 2.0.0 5.86 46.85 52.71 OK
r-release-macos-arm64 2.0.0 23.00 OK
r-release-macos-x86_64 2.0.0 29.00 OK
r-release-windows-x86_64 2.0.0 16.00 67.00 83.00 OK
r-oldrel-macos-arm64 2.0.0 24.00 OK
r-oldrel-macos-x86_64 2.0.0 29.00 OK
r-oldrel-windows-ix86+x86_64 2.0.0 14.00 73.00 87.00 OK

Check Details

Version: 2.0.0
Check: compiled code
Result: NOTE
    File ‘MAMS/libs/MAMS.so’:
     Found no calls to: ‘R_registerRoutines’, ‘R_useDynamicSymbols’
    
    It is good practice to register native routines and to disable symbol
    search.
    
    See ‘Writing portable packages’ in the ‘Writing R Extensions’ manual.
Flavors: r-devel-linux-x86_64-fedora-clang, r-devel-linux-x86_64-fedora-gcc