Last updated on 2022-05-15 01:52:23 CEST.
Flavor | Version | Tinstall | Tcheck | Ttotal | Status | Flags |
---|---|---|---|---|---|---|
r-devel-linux-x86_64-debian-clang | 2.10-12 | 7.71 | 51.88 | 59.59 | OK | |
r-devel-linux-x86_64-debian-gcc | 2.10-12 | 5.55 | 40.91 | 46.46 | OK | |
r-devel-linux-x86_64-fedora-clang | 2.10-12 | 71.79 | NOTE | |||
r-devel-linux-x86_64-fedora-gcc | 2.10-12 | 71.43 | NOTE | |||
r-devel-windows-x86_64 | 2.10-12 | 20.00 | 77.00 | 97.00 | OK | |
r-patched-linux-x86_64 | 2.10-12 | 5.70 | 52.07 | 57.77 | OK | |
r-release-linux-x86_64 | 2.10-12 | 6.00 | 51.90 | 57.90 | OK | |
r-release-macos-arm64 | 2.10-12 | 30.00 | OK | |||
r-release-macos-x86_64 | 2.10-12 | 39.00 | OK | |||
r-release-windows-x86_64 | 2.10-12 | 20.00 | 78.00 | 98.00 | OK | |
r-oldrel-macos-arm64 | 2.10-12 | 28.00 | OK | |||
r-oldrel-macos-x86_64 | 2.10-12 | 57.00 | OK | |||
r-oldrel-windows-ix86+x86_64 | 2.10-12 | 17.00 | 86.00 | 103.00 | OK |
Version: 2.10-12
Check: compiled code
Result: NOTE
File ‘LiblineaR/libs/LiblineaR.so’:
Found no calls to: ‘R_registerRoutines’, ‘R_useDynamicSymbols’
It is good practice to register native routines and to disable symbol
search.
See ‘Writing portable packages’ in the ‘Writing R Extensions’ manual.
Flavors: r-devel-linux-x86_64-fedora-clang, r-devel-linux-x86_64-fedora-gcc