Last updated on 2022-05-15 01:52:22 CEST.
Flavor | Version | Tinstall | Tcheck | Ttotal | Status | Flags |
---|---|---|---|---|---|---|
r-devel-linux-x86_64-debian-clang | 1.0.0 | 5.19 | 42.33 | 47.52 | NOTE | |
r-devel-linux-x86_64-debian-gcc | 1.0.0 | 3.92 | 32.78 | 36.70 | NOTE | |
r-devel-linux-x86_64-fedora-clang | 1.0.0 | 58.44 | NOTE | |||
r-devel-linux-x86_64-fedora-gcc | 1.0.0 | 57.20 | NOTE | |||
r-devel-windows-x86_64 | 1.0.0 | 25.00 | 58.00 | 83.00 | NOTE | |
r-patched-linux-x86_64 | 1.0.0 | 5.06 | 41.16 | 46.22 | NOTE | |
r-release-linux-x86_64 | 1.0.0 | 5.81 | 41.71 | 47.52 | NOTE | |
r-release-macos-arm64 | 1.0.0 | 18.00 | NOTE | |||
r-release-macos-x86_64 | 1.0.0 | 30.00 | NOTE | |||
r-release-windows-x86_64 | 1.0.0 | 19.00 | 58.00 | 77.00 | NOTE | |
r-oldrel-macos-arm64 | 1.0.0 | 22.00 | NOTE | |||
r-oldrel-macos-x86_64 | 1.0.0 | 29.00 | NOTE | |||
r-oldrel-windows-ix86+x86_64 | 1.0.0 | 11.00 | 52.00 | 63.00 | NOTE |
Version: 1.0.0
Check: LazyData
Result: NOTE
'LazyData' is specified without a 'data' directory
Flavors: r-devel-linux-x86_64-debian-clang, r-devel-linux-x86_64-debian-gcc, r-devel-linux-x86_64-fedora-clang, r-devel-linux-x86_64-fedora-gcc, r-devel-windows-x86_64, r-patched-linux-x86_64, r-release-linux-x86_64, r-release-macos-arm64, r-release-macos-x86_64, r-release-windows-x86_64, r-oldrel-macos-arm64, r-oldrel-macos-x86_64, r-oldrel-windows-ix86+x86_64