Last updated on 2022-05-15 01:52:23 CEST.
Flavor | Version | Tinstall | Tcheck | Ttotal | Status | Flags |
---|---|---|---|---|---|---|
r-devel-linux-x86_64-debian-clang | 2.1 | 6.57 | 95.35 | 101.92 | OK | |
r-devel-linux-x86_64-debian-gcc | 2.1 | 3.21 | 67.92 | 71.13 | OK | |
r-devel-linux-x86_64-fedora-clang | 2.1 | 120.62 | NOTE | |||
r-devel-linux-x86_64-fedora-gcc | 2.1 | 115.10 | NOTE | |||
r-devel-windows-x86_64 | 2.1 | 14.00 | 104.00 | 118.00 | OK | |
r-patched-linux-x86_64 | 2.1 | 5.06 | 88.64 | 93.70 | OK | |
r-release-linux-x86_64 | 2.1 | 5.26 | 89.48 | 94.74 | OK | |
r-release-macos-arm64 | 2.1 | 30.00 | NOTE | |||
r-release-macos-x86_64 | 2.1 | 55.00 | NOTE | |||
r-release-windows-x86_64 | 2.1 | 16.00 | 101.00 | 117.00 | OK | |
r-oldrel-macos-arm64 | 2.1 | 32.00 | NOTE | |||
r-oldrel-macos-x86_64 | 2.1 | 44.00 | NOTE | |||
r-oldrel-windows-ix86+x86_64 | 2.1 | 17.00 | 101.00 | 118.00 | OK |
Version: 2.1
Check: dependencies in R code
Result: NOTE
Namespace in Imports field not imported from: ‘Rdpack’
All declared Imports should be used.
Flavors: r-devel-linux-x86_64-fedora-clang, r-devel-linux-x86_64-fedora-gcc, r-release-macos-arm64, r-release-macos-x86_64, r-oldrel-macos-arm64, r-oldrel-macos-x86_64