Last updated on 2022-05-15 01:52:22 CEST.
Flavor | Version | Tinstall | Tcheck | Ttotal | Status | Flags |
---|---|---|---|---|---|---|
r-devel-linux-x86_64-debian-clang | 1.1 | 8.76 | 148.31 | 157.07 | OK | |
r-devel-linux-x86_64-debian-gcc | 1.1 | 6.76 | 113.14 | 119.90 | OK | |
r-devel-linux-x86_64-fedora-clang | 1.1 | 184.70 | NOTE | |||
r-devel-linux-x86_64-fedora-gcc | 1.1 | 180.04 | NOTE | |||
r-devel-windows-x86_64 | 1.1 | 20.00 | 164.00 | 184.00 | OK | |
r-patched-linux-x86_64 | 1.1 | 8.43 | 140.37 | 148.80 | OK | |
r-release-linux-x86_64 | 1.1 | 7.76 | 140.42 | 148.18 | OK | |
r-release-macos-arm64 | 1.1 | 58.00 | NOTE | |||
r-release-macos-x86_64 | 1.1 | 91.00 | NOTE | |||
r-release-windows-x86_64 | 1.1 | 23.00 | 164.00 | 187.00 | OK | |
r-oldrel-macos-arm64 | 1.1 | 71.00 | NOTE | |||
r-oldrel-macos-x86_64 | 1.1 | 75.00 | NOTE | |||
r-oldrel-windows-ix86+x86_64 | 1.1 | 16.00 | 166.00 | 182.00 | OK |
Version: 1.1
Check: dependencies in R code
Result: NOTE
Namespaces in Imports field not imported from:
‘Cubist’ ‘earth’ ‘gbm’ ‘glmnet’ ‘kernlab’ ‘randomForest’ ‘resample’
All declared Imports should be used.
Flavors: r-devel-linux-x86_64-fedora-clang, r-devel-linux-x86_64-fedora-gcc, r-release-macos-arm64, r-release-macos-x86_64, r-oldrel-macos-arm64, r-oldrel-macos-x86_64