CRAN Package Check Results for Package KneeArrower

Last updated on 2022-05-15 01:52:22 CEST.

Flavor Version Tinstall Tcheck Ttotal Status Flags
r-devel-linux-x86_64-debian-clang 1.0.0 1.82 35.67 37.49 NOTE
r-devel-linux-x86_64-debian-gcc 1.0.0 1.47 27.35 28.82 NOTE
r-devel-linux-x86_64-fedora-clang 1.0.0 46.64 NOTE
r-devel-linux-x86_64-fedora-gcc 1.0.0 45.32 NOTE
r-devel-windows-x86_64 1.0.0 16.00 54.00 70.00 NOTE
r-patched-linux-x86_64 1.0.0 2.15 34.44 36.59 NOTE
r-release-linux-x86_64 1.0.0 2.02 34.35 36.37 NOTE
r-release-macos-arm64 1.0.0 17.00 NOTE
r-release-macos-x86_64 1.0.0 25.00 NOTE
r-release-windows-x86_64 1.0.0 18.00 54.00 72.00 NOTE
r-oldrel-macos-arm64 1.0.0 18.00 NOTE
r-oldrel-macos-x86_64 1.0.0 28.00 NOTE
r-oldrel-windows-ix86+x86_64 1.0.0 6.00 45.00 51.00 NOTE

Check Details

Version: 1.0.0
Check: LazyData
Result: NOTE
     'LazyData' is specified without a 'data' directory
Flavors: r-devel-linux-x86_64-debian-clang, r-devel-linux-x86_64-debian-gcc, r-devel-linux-x86_64-fedora-clang, r-devel-linux-x86_64-fedora-gcc, r-devel-windows-x86_64, r-patched-linux-x86_64, r-release-linux-x86_64, r-release-macos-arm64, r-release-macos-x86_64, r-release-windows-x86_64, r-oldrel-macos-arm64, r-oldrel-macos-x86_64, r-oldrel-windows-ix86+x86_64