Last updated on 2022-05-15 01:52:22 CEST.
Flavor | Version | Tinstall | Tcheck | Ttotal | Status | Flags |
---|---|---|---|---|---|---|
r-devel-linux-x86_64-debian-clang | 0.1.0 | 9.70 | 89.52 | 99.22 | NOTE | |
r-devel-linux-x86_64-debian-gcc | 0.1.0 | 7.46 | 67.07 | 74.53 | NOTE | |
r-devel-linux-x86_64-fedora-clang | 0.1.0 | 118.67 | NOTE | |||
r-devel-linux-x86_64-fedora-gcc | 0.1.0 | 112.50 | NOTE | |||
r-devel-windows-x86_64 | 0.1.0 | 13.00 | 99.00 | 112.00 | NOTE | |
r-patched-linux-x86_64 | 0.1.0 | 8.40 | 84.77 | 93.17 | NOTE | |
r-release-linux-x86_64 | 0.1.0 | 8.07 | 84.11 | 92.18 | NOTE | |
r-release-macos-arm64 | 0.1.0 | 32.00 | NOTE | |||
r-release-macos-x86_64 | 0.1.0 | 46.00 | NOTE | |||
r-release-windows-x86_64 | 0.1.0 | 12.00 | 96.00 | 108.00 | NOTE | |
r-oldrel-macos-arm64 | 0.1.0 | 45.00 | NOTE | |||
r-oldrel-macos-x86_64 | 0.1.0 | 59.00 | NOTE | |||
r-oldrel-windows-ix86+x86_64 | 0.1.0 | 20.00 | 97.00 | 117.00 | NOTE |
Version: 0.1.0
Check: LazyData
Result: NOTE
'LazyData' is specified without a 'data' directory
Flavors: r-devel-linux-x86_64-debian-clang, r-devel-linux-x86_64-debian-gcc, r-devel-linux-x86_64-fedora-clang, r-devel-linux-x86_64-fedora-gcc, r-devel-windows-x86_64, r-patched-linux-x86_64, r-release-linux-x86_64, r-release-macos-arm64, r-release-macos-x86_64, r-release-windows-x86_64, r-oldrel-macos-arm64, r-oldrel-macos-x86_64, r-oldrel-windows-ix86+x86_64
Version: 0.1.0
Check: dependencies in R code
Result: NOTE
Namespace in Imports field not imported from: ‘MASS’
All declared Imports should be used.
Flavors: r-devel-linux-x86_64-fedora-clang, r-devel-linux-x86_64-fedora-gcc, r-release-macos-arm64, r-release-macos-x86_64, r-oldrel-macos-arm64, r-oldrel-macos-x86_64