Last updated on 2022-05-15 01:52:22 CEST.
Flavor | Version | Tinstall | Tcheck | Ttotal | Status | Flags |
---|---|---|---|---|---|---|
r-devel-linux-x86_64-debian-clang | 0.8-85 | 152.16 | 228.65 | 380.81 | OK | |
r-devel-linux-x86_64-debian-gcc | 0.8-85 | 136.04 | 166.33 | 302.37 | OK | |
r-devel-linux-x86_64-fedora-clang | 0.8-85 | 492.80 | NOTE | |||
r-devel-linux-x86_64-fedora-gcc | 0.8-85 | 479.27 | OK | |||
r-devel-windows-x86_64 | 0.8-85 | 138.00 | 247.00 | 385.00 | OK | |
r-patched-linux-x86_64 | 0.8-85 | 131.68 | 212.83 | 344.51 | OK | |
r-release-linux-x86_64 | 0.8-85 | 103.99 | 214.74 | 318.73 | OK | |
r-release-macos-arm64 | 0.8-85 | 137.00 | NOTE | |||
r-release-macos-x86_64 | 0.8-85 | 159.00 | NOTE | |||
r-release-windows-x86_64 | 0.8-85 | 134.00 | 235.00 | 369.00 | OK | |
r-oldrel-macos-arm64 | 0.8-85 | 108.00 | NOTE | |||
r-oldrel-macos-x86_64 | 0.8-85 | 217.00 | NOTE | |||
r-oldrel-windows-ix86+x86_64 | 0.8-85 | 341.00 | 299.00 | 640.00 | OK |
Version: 0.8-85
Check: installed package size
Result: NOTE
installed size is 6.6Mb
sub-directories of 1Mb or more:
libs 5.5Mb
Flavors: r-devel-linux-x86_64-fedora-clang, r-release-macos-arm64, r-release-macos-x86_64, r-oldrel-macos-arm64, r-oldrel-macos-x86_64