Last updated on 2022-05-15 01:52:21 CEST.
Flavor | Version | Tinstall | Tcheck | Ttotal | Status | Flags |
---|---|---|---|---|---|---|
r-devel-linux-x86_64-debian-clang | 1.1.4.4 | 115.01 | 110.98 | 225.99 | NOTE | |
r-devel-linux-x86_64-debian-gcc | 1.1.4.4 | 100.27 | 81.77 | 182.04 | NOTE | |
r-devel-linux-x86_64-fedora-clang | 1.1.4.4 | 317.18 | NOTE | |||
r-devel-linux-x86_64-fedora-gcc | 1.1.4.4 | 296.98 | NOTE | |||
r-devel-windows-x86_64 | 1.1.4.4 | 105.00 | 143.00 | 248.00 | NOTE | |
r-patched-linux-x86_64 | 1.1.4.4 | 111.67 | 101.84 | 213.51 | NOTE | |
r-release-linux-x86_64 | 1.1.4.4 | 105.81 | 103.97 | 209.78 | NOTE | |
r-release-macos-arm64 | 1.1.4.4 | 69.00 | NOTE | |||
r-release-macos-x86_64 | 1.1.4.4 | 118.00 | NOTE | |||
r-release-windows-x86_64 | 1.1.4.4 | 110.00 | 137.00 | 247.00 | NOTE | |
r-oldrel-macos-arm64 | 1.1.4.4 | 67.00 | NOTE | |||
r-oldrel-macos-x86_64 | 1.1.4.4 | 95.00 | NOTE | |||
r-oldrel-windows-ix86+x86_64 | 1.1.4.4 | 293.00 | 167.00 | 460.00 | NOTE |
Version: 1.1.4.4
Check: for GNU extensions in Makefiles
Result: NOTE
GNU make is a SystemRequirements.
Flavors: r-devel-linux-x86_64-debian-clang, r-devel-linux-x86_64-debian-gcc, r-devel-linux-x86_64-fedora-clang, r-devel-linux-x86_64-fedora-gcc, r-devel-windows-x86_64, r-patched-linux-x86_64, r-release-linux-x86_64, r-release-macos-arm64, r-release-macos-x86_64, r-release-windows-x86_64, r-oldrel-macos-arm64, r-oldrel-macos-x86_64, r-oldrel-windows-ix86+x86_64
Version: 1.1.4.4
Check: installed package size
Result: NOTE
installed size is 5.3Mb
sub-directories of 1Mb or more:
libs 3.5Mb
Flavors: r-devel-linux-x86_64-fedora-clang, r-release-macos-arm64, r-release-macos-x86_64, r-oldrel-macos-arm64, r-oldrel-macos-x86_64