Last updated on 2022-05-15 01:52:22 CEST.
Flavor | Version | Tinstall | Tcheck | Ttotal | Status | Flags |
---|---|---|---|---|---|---|
r-devel-linux-x86_64-debian-clang | 1.7.8 | 33.73 | 306.86 | 340.59 | OK | |
r-devel-linux-x86_64-debian-gcc | 1.7.8 | 25.28 | 220.08 | 245.36 | OK | |
r-devel-linux-x86_64-fedora-clang | 1.7.8 | 392.01 | NOTE | |||
r-devel-linux-x86_64-fedora-gcc | 1.7.8 | 387.30 | NOTE | |||
r-devel-windows-x86_64 | 1.7.8 | 65.00 | 282.00 | 347.00 | OK | |
r-patched-linux-x86_64 | 1.7.8 | 36.11 | 285.05 | 321.16 | OK | |
r-release-linux-x86_64 | 1.7.8 | 31.86 | 282.30 | 314.16 | OK | |
r-release-macos-arm64 | 1.7.8 | 82.00 | NOTE | |||
r-release-macos-x86_64 | 1.7.8 | 171.00 | NOTE | |||
r-release-windows-x86_64 | 1.7.8 | 82.00 | 272.00 | 354.00 | OK | |
r-oldrel-macos-arm64 | 1.7.8 | 57.00 | NOTE | |||
r-oldrel-macos-x86_64 | 1.7.8 | 88.00 | NOTE | |||
r-oldrel-windows-ix86+x86_64 | 1.7.8 | 71.00 | 286.00 | 357.00 | OK |
Version: 1.7.8
Check: data for non-ASCII characters
Result: NOTE
Note: found 1 marked UTF-8 string
Flavors: r-devel-linux-x86_64-fedora-clang, r-devel-linux-x86_64-fedora-gcc, r-release-macos-arm64, r-release-macos-x86_64, r-oldrel-macos-arm64, r-oldrel-macos-x86_64