Last updated on 2022-05-15 01:52:21 CEST.
Flavor | Version | Tinstall | Tcheck | Ttotal | Status | Flags |
---|---|---|---|---|---|---|
r-devel-linux-x86_64-debian-clang | 0.1.0 | 24.97 | 218.15 | 243.12 | OK | |
r-devel-linux-x86_64-debian-gcc | 0.1.0 | 20.14 | 156.65 | 176.79 | OK | |
r-devel-linux-x86_64-fedora-clang | 0.1.0 | 296.59 | NOTE | |||
r-devel-linux-x86_64-fedora-gcc | 0.1.0 | 280.65 | OK | |||
r-devel-windows-x86_64 | 0.1.0 | 80.00 | 225.00 | 305.00 | OK | |
r-patched-linux-x86_64 | 0.1.0 | 23.70 | 200.75 | 224.45 | OK | |
r-release-linux-x86_64 | 0.1.0 | 18.16 | 201.92 | 220.08 | OK | |
r-release-macos-arm64 | 0.1.0 | 67.00 | OK | |||
r-release-macos-x86_64 | 0.1.0 | 113.00 | OK | |||
r-release-windows-x86_64 | 0.1.0 | 83.00 | 217.00 | 300.00 | OK | |
r-oldrel-macos-arm64 | 0.1.0 | 78.00 | OK | |||
r-oldrel-macos-x86_64 | 0.1.0 | 104.00 | OK | |||
r-oldrel-windows-ix86+x86_64 | 0.1.0 | 63.00 | 215.00 | 278.00 | OK |
Version: 0.1.0
Check: package dependencies
Result: NOTE
Imports includes 25 non-default packages.
Importing from so many packages makes the package vulnerable to any of
them becoming unavailable. Move as many as possible to Suggests and
use conditionally.
Flavor: r-devel-linux-x86_64-fedora-clang