Last updated on 2022-05-15 01:52:21 CEST.
Flavor | Version | Tinstall | Tcheck | Ttotal | Status | Flags |
---|---|---|---|---|---|---|
r-devel-linux-x86_64-debian-clang | 1.0.5 | 7.15 | 84.91 | 92.06 | OK | |
r-devel-linux-x86_64-debian-gcc | 1.0.5 | 5.54 | 61.45 | 66.99 | OK | |
r-devel-linux-x86_64-fedora-clang | 1.0.5 | 108.03 | OK | |||
r-devel-linux-x86_64-fedora-gcc | 1.0.5 | 103.58 | OK | |||
r-devel-windows-x86_64 | 1.0.5 | 17.00 | 107.00 | 124.00 | ERROR | |
r-patched-linux-x86_64 | 1.0.5 | 7.62 | 76.49 | 84.11 | OK | |
r-release-linux-x86_64 | 1.0.5 | 7.29 | 78.42 | 85.71 | OK | |
r-release-macos-arm64 | 1.0.5 | 34.00 | OK | |||
r-release-macos-x86_64 | 1.0.5 | 45.00 | OK | |||
r-release-windows-x86_64 | 1.0.5 | 12.00 | 7.00 | 19.00 | ERROR | |
r-oldrel-macos-arm64 | 1.0.5 | 38.00 | OK | |||
r-oldrel-macos-x86_64 | 1.0.5 | 67.00 | OK | |||
r-oldrel-windows-ix86+x86_64 | 1.0.5 | 18.00 | 94.00 | 112.00 | OK |
Version: 1.0.5
Check: whether package can be installed
Result: ERROR
Installation failed.
Flavors: r-devel-windows-x86_64, r-release-windows-x86_64