CRAN Package Check Results for Package GpGp

Last updated on 2022-05-15 01:52:20 CEST.

Flavor Version Tinstall Tcheck Ttotal Status Flags
r-devel-linux-x86_64-debian-clang 0.4.0 72.97 91.15 164.12 OK
r-devel-linux-x86_64-debian-gcc 0.4.0 61.30 59.58 120.88 OK
r-devel-linux-x86_64-fedora-clang 0.4.0 222.42 NOTE
r-devel-linux-x86_64-fedora-gcc 0.4.0 203.96 OK
r-devel-windows-x86_64 0.4.0 85.00 125.00 210.00 OK
r-patched-linux-x86_64 0.4.0 67.06 76.16 143.22 OK
r-release-linux-x86_64 0.4.0 56.46 78.05 134.51 OK
r-release-macos-arm64 0.4.0 50.00 NOTE
r-release-macos-x86_64 0.4.0 67.00 NOTE
r-release-windows-x86_64 0.4.0 88.00 122.00 210.00 OK
r-oldrel-macos-arm64 0.4.0 56.00 NOTE
r-oldrel-macos-x86_64 0.4.0 77.00 NOTE
r-oldrel-windows-ix86+x86_64 0.4.0 162.00 151.00 313.00 OK

Check Details

Version: 0.4.0
Check: installed package size
Result: NOTE
     installed size is 6.2Mb
     sub-directories of 1Mb or more:
     data 1.4Mb
     libs 4.4Mb
Flavors: r-devel-linux-x86_64-fedora-clang, r-release-macos-arm64, r-release-macos-x86_64, r-oldrel-macos-arm64, r-oldrel-macos-x86_64