Last updated on 2022-05-15 01:52:21 CEST.
Flavor | Version | Tinstall | Tcheck | Ttotal | Status | Flags |
---|---|---|---|---|---|---|
r-devel-linux-x86_64-debian-clang | 1.0.2 | 6.20 | 49.89 | 56.09 | OK | |
r-devel-linux-x86_64-debian-gcc | 1.0.2 | 5.50 | 37.71 | 43.21 | OK | |
r-devel-linux-x86_64-fedora-clang | 1.0.2 | 67.81 | NOTE | |||
r-devel-linux-x86_64-fedora-gcc | 1.0.2 | 68.55 | NOTE | |||
r-devel-windows-x86_64 | 1.0.2 | 21.00 | 79.00 | 100.00 | OK | |
r-patched-linux-x86_64 | 1.0.2 | 5.98 | 48.05 | 54.03 | OK | |
r-release-linux-x86_64 | 1.0.2 | 5.93 | 48.23 | 54.16 | OK | |
r-release-macos-arm64 | 1.0.2 | 26.00 | OK | |||
r-release-macos-x86_64 | 1.0.2 | 45.00 | OK | |||
r-release-windows-x86_64 | 1.0.2 | 26.00 | 82.00 | 108.00 | OK | |
r-oldrel-macos-arm64 | 1.0.2 | 36.00 | OK | |||
r-oldrel-macos-x86_64 | 1.0.2 | 41.00 | OK | |||
r-oldrel-windows-ix86+x86_64 | 1.0.2 | 20.00 | 88.00 | 108.00 | OK |
Version: 1.0.2
Check: compiled code
Result: NOTE
File ‘GWEX/libs/GWEX.so’:
Found no calls to: ‘R_registerRoutines’, ‘R_useDynamicSymbols’
It is good practice to register native routines and to disable symbol
search.
See ‘Writing portable packages’ in the ‘Writing R Extensions’ manual.
Flavors: r-devel-linux-x86_64-fedora-clang, r-devel-linux-x86_64-fedora-gcc