Last updated on 2022-05-15 01:52:20 CEST.
Flavor | Version | Tinstall | Tcheck | Ttotal | Status | Flags |
---|---|---|---|---|---|---|
r-devel-linux-x86_64-debian-clang | 1.1.6 | 39.01 | 161.07 | 200.08 | OK | --no-vignettes |
r-devel-linux-x86_64-debian-gcc | 1.1.6 | 32.62 | 116.76 | 149.38 | OK | --no-vignettes |
r-devel-linux-x86_64-fedora-clang | 1.1.6 | 252.02 | NOTE | --no-vignettes | ||
r-devel-linux-x86_64-fedora-gcc | 1.1.6 | 245.81 | OK | --no-vignettes | ||
r-devel-windows-x86_64 | 1.1.6 | 49.00 | 196.00 | 245.00 | OK | --no-vignettes |
r-patched-linux-x86_64 | 1.1.6 | 36.46 | 151.12 | 187.58 | OK | --no-vignettes |
r-release-linux-x86_64 | 1.1.6 | 33.74 | 152.00 | 185.74 | OK | --no-vignettes |
r-release-macos-arm64 | 1.1.6 | 374.00 | OK | |||
r-release-macos-x86_64 | 1.1.6 | 910.00 | OK | |||
r-release-windows-x86_64 | 1.1.6 | 50.00 | 205.00 | 255.00 | OK | --no-vignettes |
r-oldrel-macos-arm64 | 1.1.6 | 444.00 | OK | |||
r-oldrel-macos-x86_64 | 1.1.6 | 579.00 | OK | |||
r-oldrel-windows-ix86+x86_64 | 1.1.6 | 92.00 | 263.00 | 355.00 | OK | --no-vignettes |
Version: 1.1.6
Flags: --no-vignettes
Check: Rd cross-references
Result: NOTE
Undeclared package ‘DiceOptim’ in Rd xrefs
Flavor: r-devel-linux-x86_64-fedora-clang