Last updated on 2022-05-15 01:52:20 CEST.
Flavor | Version | Tinstall | Tcheck | Ttotal | Status | Flags |
---|---|---|---|---|---|---|
r-devel-linux-x86_64-debian-clang | 0.1.0-3 | 230.01 | 52.87 | 282.88 | OK | |
r-devel-linux-x86_64-debian-gcc | 0.1.0-3 | 181.89 | 43.10 | 224.99 | OK | |
r-devel-linux-x86_64-fedora-clang | 0.1.0-3 | 411.45 | NOTE | |||
r-devel-linux-x86_64-fedora-gcc | 0.1.0-3 | 366.85 | OK | |||
r-devel-windows-x86_64 | 0.1.0-3 | 124.00 | 100.00 | 224.00 | OK | |
r-patched-linux-x86_64 | 0.1.0-3 | 176.52 | 54.66 | 231.18 | OK | |
r-release-linux-x86_64 | 0.1.0-3 | 183.93 | 54.69 | 238.62 | OK | |
r-release-macos-arm64 | 0.1.0-3 | 79.00 | NOTE | |||
r-release-macos-x86_64 | 0.1.0-3 | 106.00 | NOTE | |||
r-release-windows-x86_64 | 0.1.0-3 | 125.00 | 100.00 | 225.00 | OK | |
r-oldrel-macos-arm64 | 0.1.0-3 | 77.00 | NOTE | |||
r-oldrel-macos-x86_64 | 0.1.0-3 | 104.00 | NOTE | |||
r-oldrel-windows-ix86+x86_64 | 0.1.0-3 | 379.00 | 103.00 | 482.00 | OK |
Version: 0.1.0-3
Check: installed package size
Result: NOTE
installed size is 26.6Mb
sub-directories of 1Mb or more:
libs 26.1Mb
Flavors: r-devel-linux-x86_64-fedora-clang, r-release-macos-arm64, r-release-macos-x86_64, r-oldrel-macos-arm64, r-oldrel-macos-x86_64