Last updated on 2022-05-15 01:52:20 CEST.
Flavor | Version | Tinstall | Tcheck | Ttotal | Status | Flags |
---|---|---|---|---|---|---|
r-devel-linux-x86_64-debian-clang | 0.99-3 | 10.54 | 108.55 | 119.09 | WARN | |
r-devel-linux-x86_64-debian-gcc | 0.99-3 | 9.52 | 81.97 | 91.49 | WARN | |
r-devel-linux-x86_64-fedora-clang | 0.99-3 | 154.64 | WARN | |||
r-devel-linux-x86_64-fedora-gcc | 0.99-3 | 159.36 | WARN | |||
r-devel-windows-x86_64 | 0.99-3 | 44.00 | 150.00 | 194.00 | OK | |
r-patched-linux-x86_64 | 0.99-3 | 12.52 | 103.46 | 115.98 | WARN | |
r-release-linux-x86_64 | 0.99-3 | 9.69 | 102.96 | 112.65 | WARN | |
r-release-macos-arm64 | 0.99-3 | 43.00 | OK | |||
r-release-macos-x86_64 | 0.99-3 | 60.00 | OK | |||
r-release-windows-x86_64 | 0.99-3 | 39.00 | 149.00 | 188.00 | OK | |
r-oldrel-macos-arm64 | 0.99-3 | 54.00 | OK | |||
r-oldrel-macos-x86_64 | 0.99-3 | 85.00 | OK | |||
r-oldrel-windows-ix86+x86_64 | 0.99-3 | 21.00 | 171.00 | 192.00 | OK |
Version: 0.99-3
Check: sizes of PDF files under ‘inst/doc’
Result: WARN
'gs+qpdf' made some significant size reductions:
compacted 'GNE-howto.pdf' from 907Kb to 555Kb
consider running tools::compactPDF(gs_quality = "ebook") on these files
Flavors: r-devel-linux-x86_64-debian-clang, r-devel-linux-x86_64-debian-gcc, r-devel-linux-x86_64-fedora-clang, r-devel-linux-x86_64-fedora-gcc, r-patched-linux-x86_64, r-release-linux-x86_64