Last updated on 2022-05-15 01:52:20 CEST.
Flavor | Version | Tinstall | Tcheck | Ttotal | Status | Flags |
---|---|---|---|---|---|---|
r-devel-linux-x86_64-debian-clang | 1.1.5 | 171.27 | 73.69 | 244.96 | NOTE | |
r-devel-linux-x86_64-debian-gcc | 1.1.5 | 137.33 | 56.90 | 194.23 | NOTE | |
r-devel-linux-x86_64-fedora-clang | 1.1.5 | 359.55 | NOTE | |||
r-devel-linux-x86_64-fedora-gcc | 1.1.5 | 339.18 | NOTE | |||
r-devel-windows-x86_64 | 1.1.5 | 145.00 | 116.00 | 261.00 | NOTE | |
r-patched-linux-x86_64 | 1.1.5 | 149.58 | 71.43 | 221.01 | NOTE | |
r-release-linux-x86_64 | 1.1.5 | 150.05 | 72.17 | 222.22 | NOTE | |
r-release-macos-arm64 | 1.1.5 | 91.00 | NOTE | |||
r-release-macos-x86_64 | 1.1.5 | 114.00 | NOTE | |||
r-release-windows-x86_64 | 1.1.5 | 162.00 | 113.00 | 275.00 | NOTE | |
r-oldrel-macos-arm64 | 1.1.5 | 103.00 | NOTE | |||
r-oldrel-macos-x86_64 | 1.1.5 | 114.00 | NOTE | |||
r-oldrel-windows-ix86+x86_64 | 1.1.5 | 402.00 | 157.00 | 559.00 | NOTE |
Version: 1.1.5
Check: for GNU extensions in Makefiles
Result: NOTE
GNU make is a SystemRequirements.
Flavors: r-devel-linux-x86_64-debian-clang, r-devel-linux-x86_64-debian-gcc, r-devel-linux-x86_64-fedora-clang, r-devel-linux-x86_64-fedora-gcc, r-devel-windows-x86_64, r-patched-linux-x86_64, r-release-linux-x86_64, r-release-macos-arm64, r-release-macos-x86_64, r-release-windows-x86_64, r-oldrel-macos-arm64, r-oldrel-macos-x86_64, r-oldrel-windows-ix86+x86_64
Version: 1.1.5
Check: installed package size
Result: NOTE
installed size is 8.1Mb
sub-directories of 1Mb or more:
libs 7.9Mb
Flavors: r-devel-linux-x86_64-fedora-clang, r-release-macos-arm64, r-release-macos-x86_64, r-oldrel-macos-arm64, r-oldrel-macos-x86_64