Last updated on 2022-05-15 01:52:20 CEST.
Flavor | Version | Tinstall | Tcheck | Ttotal | Status | Flags |
---|---|---|---|---|---|---|
r-devel-linux-x86_64-debian-clang | 2.0.0.8 | 12.43 | 72.84 | 85.27 | WARN | |
r-devel-linux-x86_64-debian-gcc | 2.0.0.8 | 9.73 | 55.05 | 64.78 | OK | |
r-devel-linux-x86_64-fedora-clang | 2.0.0.8 | 107.17 | WARN | |||
r-devel-linux-x86_64-fedora-gcc | 2.0.0.8 | 103.57 | OK | |||
r-devel-windows-x86_64 | 2.0.0.8 | 50.00 | 107.00 | 157.00 | OK | |
r-patched-linux-x86_64 | 2.0.0.8 | 11.89 | 67.25 | 79.14 | OK | |
r-release-macos-arm64 | 2.0.0.8 | 31.00 | OK | |||
r-release-macos-x86_64 | 2.0.0.8 | 43.00 | OK | |||
r-oldrel-macos-arm64 | 2.0.0.8 | 32.00 | OK | |||
r-oldrel-macos-x86_64 | 2.0.0.8 | 40.00 | OK | |||
r-oldrel-windows-ix86+x86_64 | 2.0.0.8 | 28.00 | 114.00 | 142.00 | OK |
Version: 2.0.0.8
Check: whether package can be installed
Result: WARN
Found the following significant warnings:
GLDEX.c:218:8: warning: use of bitwise '&' with boolean operands [-Wbitwise-instead-of-logical]
GLDEX.c:225:8: warning: use of bitwise '&' with boolean operands [-Wbitwise-instead-of-logical]
GLDEX.c:232:8: warning: use of bitwise '&' with boolean operands [-Wbitwise-instead-of-logical]
GLDEX.c:239:8: warning: use of bitwise '&' with boolean operands [-Wbitwise-instead-of-logical]
GLDEX.c:283:8: warning: use of bitwise '&' with boolean operands [-Wbitwise-instead-of-logical]
GLDEX.c:288:8: warning: use of bitwise '&' with boolean operands [-Wbitwise-instead-of-logical]
GLDEX.c:293:8: warning: use of bitwise '&' with boolean operands [-Wbitwise-instead-of-logical]
GLDEX.c:299:8: warning: use of bitwise '&' with boolean operands [-Wbitwise-instead-of-logical]
Flavors: r-devel-linux-x86_64-debian-clang, r-devel-linux-x86_64-fedora-clang