Last updated on 2022-05-15 01:52:20 CEST.
Flavor | Version | Tinstall | Tcheck | Ttotal | Status | Flags |
---|---|---|---|---|---|---|
r-devel-linux-x86_64-debian-clang | 1.0.0 | 14.92 | 138.16 | 153.08 | OK | |
r-devel-linux-x86_64-debian-gcc | 1.0.0 | 10.84 | 103.60 | 114.44 | OK | |
r-devel-linux-x86_64-fedora-clang | 1.0.0 | 193.04 | NOTE | |||
r-devel-linux-x86_64-fedora-gcc | 1.0.0 | 180.47 | NOTE | |||
r-devel-windows-x86_64 | 1.0.0 | 37.00 | 168.00 | 205.00 | OK | |
r-patched-linux-x86_64 | 1.0.0 | 9.90 | 127.93 | 137.83 | OK | |
r-release-linux-x86_64 | 1.0.0 | 8.82 | 128.01 | 136.83 | OK | |
r-release-macos-arm64 | 1.0.0 | 49.00 | NOTE | |||
r-release-macos-x86_64 | 1.0.0 | 85.00 | NOTE | |||
r-release-windows-x86_64 | 1.0.0 | 49.00 | 168.00 | 217.00 | OK | |
r-oldrel-macos-arm64 | 1.0.0 | 53.00 | NOTE | |||
r-oldrel-macos-x86_64 | 1.0.0 | 104.00 | NOTE | |||
r-oldrel-windows-ix86+x86_64 | 1.0.0 | 33.00 | 142.00 | 175.00 | OK |
Version: 1.0.0
Check: dependencies in R code
Result: NOTE
Namespaces in Imports field not imported from:
‘Matrix’ ‘Rdpack’
All declared Imports should be used.
Flavors: r-devel-linux-x86_64-fedora-clang, r-devel-linux-x86_64-fedora-gcc, r-release-macos-arm64, r-release-macos-x86_64, r-oldrel-macos-arm64, r-oldrel-macos-x86_64