Last updated on 2022-05-15 01:52:20 CEST.
Flavor | Version | Tinstall | Tcheck | Ttotal | Status | Flags |
---|---|---|---|---|---|---|
r-devel-linux-x86_64-debian-clang | 0.1.3 | 6.71 | 79.27 | 85.98 | OK | |
r-devel-linux-x86_64-debian-gcc | 0.1.3 | 5.59 | 58.90 | 64.49 | OK | |
r-devel-linux-x86_64-fedora-clang | 0.1.3 | 102.66 | NOTE | |||
r-devel-linux-x86_64-fedora-gcc | 0.1.3 | 99.35 | OK | |||
r-devel-windows-x86_64 | 0.1.3 | 25.00 | 95.00 | 120.00 | OK | |
r-patched-linux-x86_64 | 0.1.3 | 7.56 | 74.89 | 82.45 | OK | |
r-release-linux-x86_64 | 0.1.3 | 6.16 | 74.82 | 80.98 | OK | |
r-release-macos-arm64 | 0.1.3 | 30.00 | OK | |||
r-release-macos-x86_64 | 0.1.3 | 55.00 | OK | |||
r-release-windows-x86_64 | 0.1.3 | 23.00 | 92.00 | 115.00 | OK | |
r-oldrel-macos-arm64 | 0.1.3 | 25.00 | OK | |||
r-oldrel-macos-x86_64 | 0.1.3 | 37.00 | OK | |||
r-oldrel-windows-ix86+x86_64 | 0.1.3 | 18.00 | 90.00 | 108.00 | OK |
Version: 0.1.3
Check: Rd cross-references
Result: NOTE
Undeclared package ‘gge’ in Rd xrefs
Flavor: r-devel-linux-x86_64-fedora-clang