Last updated on 2022-05-15 01:52:20 CEST.
Flavor | Version | Tinstall | Tcheck | Ttotal | Status | Flags |
---|---|---|---|---|---|---|
r-devel-linux-x86_64-debian-clang | 2.1 | 9.82 | 103.22 | 113.04 | NOTE | |
r-devel-linux-x86_64-debian-gcc | 2.1 | 8.89 | 78.60 | 87.49 | NOTE | |
r-devel-linux-x86_64-fedora-clang | 2.1 | 138.80 | NOTE | |||
r-devel-linux-x86_64-fedora-gcc | 2.1 | 135.54 | NOTE | |||
r-devel-windows-x86_64 | 2.1 | 22.00 | 118.00 | 140.00 | NOTE | |
r-patched-linux-x86_64 | 2.1 | 8.61 | 97.89 | 106.50 | NOTE | |
r-release-linux-x86_64 | 2.1 | 10.69 | 98.90 | 109.59 | NOTE | |
r-release-macos-arm64 | 2.1 | 37.00 | NOTE | |||
r-release-macos-x86_64 | 2.1 | 53.00 | NOTE | |||
r-release-windows-x86_64 | 2.1 | 28.00 | 119.00 | 147.00 | NOTE | |
r-oldrel-macos-arm64 | 2.1 | 42.00 | NOTE | |||
r-oldrel-macos-x86_64 | 2.1 | 58.00 | NOTE | |||
r-oldrel-windows-ix86+x86_64 | 2.1 | 23.00 | 113.00 | 136.00 | NOTE |
Version: 2.1
Check: R code for possible problems
Result: NOTE
contindic.gb2: no visible global function definition for 'contour'
contindic.gb2: no visible global function definition for 'box'
contindic.gb2: no visible global function definition for 'mtext'
contprof.gb2: no visible global function definition for 'image'
contprof.gb2: no visible global function definition for 'heat.colors'
contprof.gb2: no visible global function definition for 'contour'
contprof.gb2: no visible global function definition for 'text'
contprof.gb2: no visible global function definition for 'box'
dplot.cavgb2: no visible global function definition for 'par'
dplot.cavgb2: no visible global function definition for 'curve'
dplot.cavgb2: no visible global function definition for 'legend'
dplot.cavgb2: no visible global function definition for 'lines'
dplot.cgb2: no visible global function definition for 'curve'
dplot.cgb2: no visible global function definition for 'lines'
dplot.cgb2: no visible global function definition for 'legend'
plotsML.gb2: no visible global function definition for 'par'
plotsML.gb2: no visible global function definition for 'abline'
plotsML.gb2: no visible global function definition for 'curve'
plotsML.gb2: no visible global function definition for 'legend'
saveplot : <local>: no visible global function definition for 'dev.set'
saveplot : <local>: no visible global function definition for
'dev.print'
saveplot : <local>: no visible binding for global variable 'pdf'
Undefined global functions or variables:
abline box contour curve dev.print dev.set heat.colors image legend
lines mtext par pdf text
Consider adding
importFrom("grDevices", "dev.print", "dev.set", "heat.colors", "pdf")
importFrom("graphics", "abline", "box", "contour", "curve", "image",
"legend", "lines", "mtext", "par", "text")
to your NAMESPACE file.
Flavors: r-devel-linux-x86_64-debian-clang, r-devel-linux-x86_64-debian-gcc, r-devel-linux-x86_64-fedora-clang, r-devel-linux-x86_64-fedora-gcc, r-devel-windows-x86_64, r-patched-linux-x86_64, r-release-linux-x86_64, r-release-macos-arm64, r-release-macos-x86_64, r-release-windows-x86_64, r-oldrel-macos-arm64, r-oldrel-macos-x86_64, r-oldrel-windows-ix86+x86_64