CRAN Package Check Results for Package FuzzyAHP

Last updated on 2022-05-15 01:52:19 CEST.

Flavor Version Tinstall Tcheck Ttotal Status Flags
r-devel-linux-x86_64-debian-clang 0.9.5 6.28 47.18 53.46 NOTE
r-devel-linux-x86_64-debian-gcc 0.9.5 5.38 37.18 42.56 NOTE
r-devel-linux-x86_64-fedora-clang 0.9.5 68.60 NOTE
r-devel-linux-x86_64-fedora-gcc 0.9.5 66.84 NOTE
r-devel-windows-x86_64 0.9.5 85.00 78.00 163.00 NOTE
r-patched-linux-x86_64 0.9.5 7.77 46.05 53.82 NOTE
r-release-linux-x86_64 0.9.5 5.82 45.86 51.68 NOTE
r-release-macos-arm64 0.9.5 24.00 NOTE
r-release-macos-x86_64 0.9.5 32.00 NOTE
r-release-windows-x86_64 0.9.5 83.00 75.00 158.00 NOTE
r-oldrel-macos-arm64 0.9.5 25.00 NOTE
r-oldrel-macos-x86_64 0.9.5 43.00 NOTE
r-oldrel-windows-ix86+x86_64 0.9.5 13.00 58.00 71.00 NOTE

Check Details

Version: 0.9.5
Check: LazyData
Result: NOTE
     'LazyData' is specified without a 'data' directory
Flavors: r-devel-linux-x86_64-debian-clang, r-devel-linux-x86_64-debian-gcc, r-devel-linux-x86_64-fedora-clang, r-devel-linux-x86_64-fedora-gcc, r-devel-windows-x86_64, r-patched-linux-x86_64, r-release-linux-x86_64, r-release-macos-arm64, r-release-macos-x86_64, r-release-windows-x86_64, r-oldrel-macos-arm64, r-oldrel-macos-x86_64, r-oldrel-windows-ix86+x86_64