CRAN Package Check Results for Package FuncNN

Last updated on 2022-05-15 01:52:19 CEST.

Flavor Version Tinstall Tcheck Ttotal Status Flags
r-devel-linux-x86_64-debian-clang 1.0 18.31 170.66 188.97 OK
r-devel-linux-x86_64-debian-gcc 1.0 15.82 127.32 143.14 OK
r-devel-linux-x86_64-fedora-clang 1.0 226.50 NOTE
r-devel-linux-x86_64-fedora-gcc 1.0 229.84 NOTE
r-devel-windows-x86_64 1.0 25.00 181.00 206.00 OK
r-patched-linux-x86_64 1.0 20.29 157.67 177.96 OK
r-release-linux-x86_64 1.0 19.06 158.35 177.41 OK
r-release-macos-arm64 1.0 56.00 NOTE
r-release-macos-x86_64 1.0 101.00 NOTE
r-release-windows-x86_64 1.0 28.00 171.00 199.00 OK
r-oldrel-macos-arm64 1.0 64.00 NOTE
r-oldrel-macos-x86_64 1.0 98.00 NOTE
r-oldrel-windows-ix86+x86_64 1.0 47.00 173.00 220.00 OK

Additional issues

donttest

Check Details

Version: 1.0
Check: dependencies in R code
Result: NOTE
    Namespace in Imports field not imported from: ‘foreach’
     All declared Imports should be used.
Flavors: r-devel-linux-x86_64-fedora-clang, r-devel-linux-x86_64-fedora-gcc, r-release-macos-arm64, r-release-macos-x86_64, r-oldrel-macos-arm64, r-oldrel-macos-x86_64