Last updated on 2022-05-15 01:52:19 CEST.
Flavor | Version | Tinstall | Tcheck | Ttotal | Status | Flags |
---|---|---|---|---|---|---|
r-devel-linux-x86_64-debian-clang | 0.2.0 | 3.90 | 47.48 | 51.38 | OK | |
r-devel-linux-x86_64-debian-gcc | 0.2.0 | 3.41 | 36.57 | 39.98 | OK | |
r-devel-linux-x86_64-fedora-clang | 0.2.0 | 67.02 | NOTE | |||
r-devel-linux-x86_64-fedora-gcc | 0.2.0 | 66.37 | NOTE | |||
r-devel-windows-x86_64 | 0.2.0 | 58.00 | 89.00 | 147.00 | OK | |
r-patched-linux-x86_64 | 0.2.0 | 4.74 | 46.95 | 51.69 | OK | |
r-release-linux-x86_64 | 0.2.0 | 3.94 | 48.05 | 51.99 | WARN | |
r-release-macos-arm64 | 0.2.0 | 21.00 | NOTE | |||
r-release-macos-x86_64 | 0.2.0 | 42.00 | NOTE | |||
r-release-windows-x86_64 | 0.2.0 | 55.00 | 71.00 | 126.00 | OK | |
r-oldrel-macos-arm64 | 0.2.0 | 20.00 | NOTE | |||
r-oldrel-macos-x86_64 | 0.2.0 | 33.00 | NOTE | |||
r-oldrel-windows-ix86+x86_64 | 0.2.0 | 11.00 | 61.00 | 72.00 | OK |
Version: 0.2.0
Check: dependencies in R code
Result: NOTE
Namespaces in Imports field not imported from:
‘knitr’ ‘rmarkdown’ ‘utils’
All declared Imports should be used.
Flavors: r-devel-linux-x86_64-fedora-clang, r-devel-linux-x86_64-fedora-gcc, r-release-macos-arm64, r-release-macos-x86_64, r-oldrel-macos-arm64, r-oldrel-macos-x86_64
Version: 0.2.0
Check: package dependencies
Result: WARN
Requires orphaned package: ‘geiger’
Flavor: r-release-linux-x86_64