Last updated on 2022-05-15 01:52:19 CEST.
Flavor | Version | Tinstall | Tcheck | Ttotal | Status | Flags |
---|---|---|---|---|---|---|
r-devel-linux-x86_64-debian-clang | 1.5 | 3.79 | 52.35 | 56.14 | OK | |
r-devel-linux-x86_64-debian-gcc | 1.5 | 3.11 | 41.15 | 44.26 | OK | |
r-devel-linux-x86_64-fedora-clang | 1.5 | 70.36 | NOTE | |||
r-devel-linux-x86_64-fedora-gcc | 1.5 | 67.41 | NOTE | |||
r-devel-windows-x86_64 | 1.5 | 18.00 | 68.00 | 86.00 | OK | |
r-patched-linux-x86_64 | 1.5 | 4.16 | 49.77 | 53.93 | OK | |
r-release-linux-x86_64 | 1.5 | 3.15 | 51.70 | 54.85 | OK | |
r-release-macos-arm64 | 1.5 | 20.00 | NOTE | |||
r-release-macos-x86_64 | 1.5 | 31.00 | NOTE | |||
r-release-windows-x86_64 | 1.5 | 20.00 | 69.00 | 89.00 | OK | |
r-oldrel-macos-arm64 | 1.5 | 23.00 | NOTE | |||
r-oldrel-macos-x86_64 | 1.5 | 30.00 | NOTE | |||
r-oldrel-windows-ix86+x86_64 | 1.5 | 7.00 | 64.00 | 71.00 | OK |
Version: 1.5
Check: Rd cross-references
Result: NOTE
Undeclared package ‘SciViews’ in Rd xrefs
Flavor: r-devel-linux-x86_64-fedora-clang
Version: 1.5
Check: data for non-ASCII characters
Result: NOTE
Note: found 5 marked Latin-1 strings
Flavors: r-devel-linux-x86_64-fedora-clang, r-devel-linux-x86_64-fedora-gcc, r-release-macos-arm64, r-release-macos-x86_64, r-oldrel-macos-arm64, r-oldrel-macos-x86_64