Last updated on 2022-05-15 01:52:18 CEST.
Flavor | Version | Tinstall | Tcheck | Ttotal | Status | Flags |
---|---|---|---|---|---|---|
r-devel-linux-x86_64-debian-clang | 9.1.5 | 26.48 | 266.14 | 292.62 | NOTE | |
r-devel-linux-x86_64-debian-gcc | 9.1.5 | 24.17 | 196.22 | 220.39 | NOTE | |
r-devel-linux-x86_64-fedora-clang | 9.1.5 | 353.94 | NOTE | |||
r-devel-linux-x86_64-fedora-gcc | 9.1.5 | 339.03 | NOTE | |||
r-devel-windows-x86_64 | 9.1.5 | 30.00 | 251.00 | 281.00 | NOTE | |
r-patched-linux-x86_64 | 9.1.5 | 29.77 | 250.79 | 280.56 | NOTE | |
r-release-linux-x86_64 | 9.1.5 | 30.37 | 253.14 | 283.51 | NOTE | |
r-release-macos-arm64 | 9.1.5 | 66.00 | NOTE | |||
r-release-macos-x86_64 | 9.1.5 | 105.00 | NOTE | |||
r-release-windows-x86_64 | 9.1.5 | 46.00 | 256.00 | 302.00 | NOTE | |
r-oldrel-macos-arm64 | 9.1.5 | 42.00 | NOTE | |||
r-oldrel-macos-x86_64 | 9.1.5 | 73.00 | NOTE | |||
r-oldrel-windows-ix86+x86_64 | 9.1.5 | 58.00 | 250.00 | 308.00 | NOTE |
Version: 9.1.5
Check: LazyData
Result: NOTE
'LazyData' is specified without a 'data' directory
Flavors: r-devel-linux-x86_64-debian-clang, r-devel-linux-x86_64-debian-gcc, r-devel-linux-x86_64-fedora-clang, r-devel-linux-x86_64-fedora-gcc, r-devel-windows-x86_64, r-patched-linux-x86_64, r-release-linux-x86_64, r-release-macos-arm64, r-release-macos-x86_64, r-release-windows-x86_64, r-oldrel-macos-arm64, r-oldrel-macos-x86_64, r-oldrel-windows-ix86+x86_64