Last updated on 2022-05-15 01:52:18 CEST.
Flavor | Version | Tinstall | Tcheck | Ttotal | Status | Flags |
---|---|---|---|---|---|---|
r-devel-linux-x86_64-debian-clang | 1.9-1 | 9.05 | 67.38 | 76.43 | OK | |
r-devel-linux-x86_64-debian-gcc | 1.9-1 | 6.64 | 51.33 | 57.97 | OK | |
r-devel-linux-x86_64-fedora-clang | 1.9-1 | 92.14 | NOTE | |||
r-devel-linux-x86_64-fedora-gcc | 1.9-1 | 89.36 | OK | |||
r-devel-windows-x86_64 | 1.9-1 | 25.00 | 80.00 | 105.00 | OK | |
r-patched-linux-x86_64 | 1.9-1 | 7.60 | 64.77 | 72.37 | OK | |
r-release-linux-x86_64 | 1.9-1 | 7.54 | 64.49 | 72.03 | OK | |
r-release-macos-arm64 | 1.9-1 | 26.00 | OK | |||
r-release-macos-x86_64 | 1.9-1 | 36.00 | OK | |||
r-release-windows-x86_64 | 1.9-1 | 28.00 | 85.00 | 113.00 | OK | |
r-oldrel-macos-arm64 | 1.9-1 | 31.00 | OK | |||
r-oldrel-macos-x86_64 | 1.9-1 | 52.00 | OK | |||
r-oldrel-windows-ix86+x86_64 | 1.9-1 | 16.00 | 78.00 | 94.00 | OK |
Version: 1.9-1
Check: Rd cross-references
Result: NOTE
Undeclared packages ‘carData’, ‘faraway’ in Rd xrefs
Flavor: r-devel-linux-x86_64-fedora-clang