Last updated on 2022-05-15 01:52:18 CEST.
Flavor | Version | Tinstall | Tcheck | Ttotal | Status | Flags |
---|---|---|---|---|---|---|
r-devel-linux-x86_64-debian-clang | 0.1.4 | 24.55 | 236.32 | 260.87 | OK | |
r-devel-linux-x86_64-debian-gcc | 0.1.4 | 17.47 | 215.44 | 232.91 | OK | |
r-devel-linux-x86_64-fedora-clang | 0.1.4 | 275.33 | NOTE | |||
r-devel-linux-x86_64-fedora-gcc | 0.1.4 | 202.75 | NOTE | |||
r-devel-windows-x86_64 | 0.1.4 | 188.00 | 257.00 | 445.00 | OK | |
r-patched-linux-x86_64 | 0.1.4 | 15.20 | 217.67 | 232.87 | OK | |
r-release-linux-x86_64 | 0.1.4 | 14.70 | 220.91 | 235.61 | OK | |
r-release-macos-arm64 | 0.1.4 | 83.00 | NOTE | |||
r-release-macos-x86_64 | 0.1.4 | 130.00 | NOTE | |||
r-release-windows-x86_64 | 0.1.4 | 196.00 | 228.00 | 424.00 | OK | |
r-oldrel-macos-arm64 | 0.1.4 | 88.00 | NOTE | |||
r-oldrel-macos-x86_64 | 0.1.4 | 104.00 | NOTE | |||
r-oldrel-windows-ix86+x86_64 | 0.1.4 | 50.00 | 227.00 | 277.00 | OK |
Version: 0.1.4
Check: data for non-ASCII characters
Result: NOTE
Note: found 8 marked UTF-8 strings
Flavors: r-devel-linux-x86_64-fedora-clang, r-devel-linux-x86_64-fedora-gcc, r-release-macos-arm64, r-release-macos-x86_64, r-oldrel-macos-arm64, r-oldrel-macos-x86_64