Last updated on 2022-05-15 01:52:17 CEST.
Flavor | Version | Tinstall | Tcheck | Ttotal | Status | Flags |
---|---|---|---|---|---|---|
r-devel-linux-x86_64-debian-clang | 1.0 | 7.14 | 63.95 | 71.09 | NOTE | |
r-devel-linux-x86_64-debian-gcc | 1.0 | 6.20 | 48.66 | 54.86 | NOTE | |
r-devel-linux-x86_64-fedora-clang | 1.0 | 82.95 | NOTE | |||
r-devel-linux-x86_64-fedora-gcc | 1.0 | 85.18 | NOTE | |||
r-devel-windows-x86_64 | 1.0 | 29.00 | 76.00 | 105.00 | NOTE | |
r-patched-linux-x86_64 | 1.0 | 8.31 | 60.18 | 68.49 | NOTE | |
r-release-linux-x86_64 | 1.0 | 6.16 | 59.94 | 66.10 | NOTE | |
r-release-macos-arm64 | 1.0 | 23.00 | NOTE | |||
r-release-macos-x86_64 | 1.0 | 33.00 | NOTE | |||
r-release-windows-x86_64 | 1.0 | 32.00 | 79.00 | 111.00 | NOTE | |
r-oldrel-macos-arm64 | 1.0 | 25.00 | NOTE | |||
r-oldrel-macos-x86_64 | 1.0 | 33.00 | NOTE | |||
r-oldrel-windows-ix86+x86_64 | 1.0 | 15.00 | 72.00 | 87.00 | NOTE |
Version: 1.0
Check: package dependencies
Result: NOTE
Package which this enhances but not available for checking: 'gurobi'
Flavors: r-devel-linux-x86_64-debian-clang, r-devel-linux-x86_64-debian-gcc, r-devel-linux-x86_64-fedora-clang, r-devel-linux-x86_64-fedora-gcc, r-devel-windows-x86_64, r-patched-linux-x86_64, r-release-linux-x86_64, r-release-macos-arm64, r-release-macos-x86_64, r-release-windows-x86_64, r-oldrel-macos-arm64, r-oldrel-macos-x86_64, r-oldrel-windows-ix86+x86_64