Last updated on 2022-05-15 01:52:17 CEST.
Flavor | Version | Tinstall | Tcheck | Ttotal | Status | Flags |
---|---|---|---|---|---|---|
r-devel-linux-x86_64-debian-clang | 1.0.5 | 13.26 | 220.69 | 233.95 | OK | |
r-devel-linux-x86_64-debian-gcc | 1.0.5 | 9.22 | 162.02 | 171.24 | OK | |
r-devel-linux-x86_64-fedora-clang | 1.0.5 | 267.08 | NOTE | |||
r-devel-linux-x86_64-fedora-gcc | 1.0.5 | 278.46 | OK | |||
r-devel-windows-x86_64 | 1.0.5 | 52.00 | 236.00 | 288.00 | OK | |
r-patched-linux-x86_64 | 1.0.5 | 18.61 | 206.60 | 225.21 | OK | |
r-release-linux-x86_64 | 1.0.5 | 11.50 | 206.64 | 218.14 | OK | |
r-release-macos-arm64 | 1.0.5 | 65.00 | OK | |||
r-release-macos-x86_64 | 1.0.5 | 128.00 | OK | |||
r-release-windows-x86_64 | 1.0.5 | 54.00 | 224.00 | 278.00 | OK | |
r-oldrel-macos-arm64 | 1.0.5 | 62.00 | OK | |||
r-oldrel-macos-x86_64 | 1.0.5 | 95.00 | OK | |||
r-oldrel-windows-ix86+x86_64 | 1.0.5 | 29.00 | 237.00 | 266.00 | OK |
Version: 1.0.5
Check: Rd cross-references
Result: NOTE
Undeclared packages ‘optimx’, ‘readxl’ in Rd xrefs
Flavor: r-devel-linux-x86_64-fedora-clang