Last updated on 2022-05-15 01:52:17 CEST.
Flavor | Version | Tinstall | Tcheck | Ttotal | Status | Flags |
---|---|---|---|---|---|---|
r-devel-linux-x86_64-debian-clang | 1.0.0 | 25.41 | 234.30 | 259.71 | NOTE | |
r-devel-linux-x86_64-debian-gcc | 1.0.0 | 18.51 | 171.45 | 189.96 | NOTE | |
r-devel-linux-x86_64-fedora-clang | 1.0.0 | 315.03 | NOTE | |||
r-devel-linux-x86_64-fedora-gcc | 1.0.0 | 323.13 | NOTE | |||
r-devel-windows-x86_64 | 1.0.0 | 45.00 | 29.00 | 74.00 | NOTE | |
r-patched-linux-x86_64 | 1.0.0 | 27.14 | 218.41 | 245.55 | OK | |
r-release-linux-x86_64 | 1.0.0 | 19.91 | 221.97 | 241.88 | OK | |
r-release-macos-arm64 | 1.0.0 | 76.00 | OK | |||
r-release-macos-x86_64 | 1.0.0 | 106.00 | OK | |||
r-release-windows-x86_64 | 1.0.0 | 16.00 | 8.00 | 24.00 | ERROR | |
r-oldrel-macos-arm64 | 1.0.0 | 64.00 | OK | |||
r-oldrel-macos-x86_64 | 1.0.0 | 95.00 | OK | |||
r-oldrel-windows-ix86+x86_64 | 1.0.0 | 60.00 | 231.00 | 291.00 | OK |
Version: 1.0.0
Check: Rd files
Result: NOTE
checkRd: (7) luadSubset.Rd:10: \item in \describe must have non-empty label
checkRd: (7) luadSubset.Rd:11: \item in \describe must have non-empty label
checkRd: (7) luscSubset.Rd:10: \item in \describe must have non-empty label
checkRd: (7) luscSubset.Rd:11: \item in \describe must have non-empty label
checkRd: (7) pD.Rd:10: \item in \describe must have non-empty label
checkRd: (7) pD.Rd:11: \item in \describe must have non-empty label
checkRd: (7) pD.Rd:12: \item in \describe must have non-empty label
checkRd: (7) pD.Rd:13: \item in \describe must have non-empty label
Flavors: r-devel-linux-x86_64-debian-clang, r-devel-linux-x86_64-debian-gcc, r-devel-linux-x86_64-fedora-clang, r-devel-linux-x86_64-fedora-gcc, r-devel-windows-x86_64
Version: 1.0.0
Check: whether package can be installed
Result: ERROR
Installation failed.
Flavor: r-release-windows-x86_64