CRAN Package Check Results for Package DeducerText

Last updated on 2022-05-15 01:52:17 CEST.

Flavor Version Tinstall Tcheck Ttotal Status Flags
r-devel-linux-x86_64-debian-clang 0.1-2 21.97 167.35 189.32 NOTE
r-devel-linux-x86_64-debian-gcc 0.1-2 16.04 123.73 139.77 NOTE
r-devel-linux-x86_64-fedora-clang 0.1-2 201.60 NOTE
r-devel-linux-x86_64-fedora-gcc 0.1-2 189.92 NOTE
r-devel-windows-x86_64 0.1-2 22.00 158.00 180.00 NOTE
r-patched-linux-x86_64 0.1-2 19.26 159.56 178.82 NOTE
r-release-linux-x86_64 0.1-2 16.51 161.54 178.05 NOTE
r-release-macos-arm64 0.1-2 53.00 NOTE
r-release-macos-x86_64 0.1-2 95.00 NOTE
r-release-windows-x86_64 0.1-2 22.00 163.00 185.00 NOTE
r-oldrel-macos-arm64 0.1-2 82.00 NOTE
r-oldrel-macos-x86_64 0.1-2 105.00 NOTE
r-oldrel-windows-ix86+x86_64 0.1-2 45.00 165.00 210.00 NOTE

Check Details

Version: 0.1-2
Check: DESCRIPTION meta-information
Result: NOTE
    Malformed Description field: should contain one or more complete sentences.
Flavors: r-devel-linux-x86_64-debian-clang, r-devel-linux-x86_64-debian-gcc, r-devel-linux-x86_64-fedora-clang, r-devel-linux-x86_64-fedora-gcc, r-devel-windows-x86_64, r-patched-linux-x86_64, r-release-linux-x86_64, r-release-macos-arm64, r-release-macos-x86_64, r-release-windows-x86_64, r-oldrel-macos-arm64, r-oldrel-macos-x86_64, r-oldrel-windows-ix86+x86_64

Version: 0.1-2
Check: R code for possible problems
Result: NOTE
    .makeQuickWordcloud: no visible global function definition for 'J'
    .makeQuickWordcloud: no visible global function definition for 'new'
    .makeQuickWordcloud: no visible global function definition for '.jnull'
    .makeTextPlot: no visible global function definition for 'J'
    .makeTextPlot: no visible global function definition for 'new'
    .makeTextPlot: no visible global function definition for '.jnull'
    .onLoad: no visible global function definition for '.jpackage'
    .onLoad: no visible global function definition for '.jnew'
    .onLoad: no visible global function definition for 'J'
    make.color.scale: no visible global function definition for 'rgb'
    Undefined global functions or variables:
     .jnew .jnull .jpackage J new rgb
    Consider adding
     importFrom("grDevices", "rgb")
     importFrom("methods", "new")
    to your NAMESPACE file (and ensure that your DESCRIPTION Imports field
    contains 'methods').
Flavors: r-devel-linux-x86_64-debian-clang, r-devel-linux-x86_64-debian-gcc, r-devel-linux-x86_64-fedora-clang, r-devel-linux-x86_64-fedora-gcc, r-devel-windows-x86_64, r-patched-linux-x86_64, r-release-linux-x86_64, r-release-macos-arm64, r-release-macos-x86_64, r-release-windows-x86_64, r-oldrel-macos-arm64, r-oldrel-macos-x86_64, r-oldrel-windows-ix86+x86_64