Last updated on 2022-05-15 01:52:18 CEST.
Flavor | Version | Tinstall | Tcheck | Ttotal | Status | Flags |
---|---|---|---|---|---|---|
r-devel-linux-x86_64-debian-clang | 0.23 | 4.72 | 53.50 | 58.22 | OK | |
r-devel-linux-x86_64-debian-gcc | 0.23 | 4.72 | 41.59 | 46.31 | OK | |
r-devel-linux-x86_64-fedora-clang | 0.23 | 71.08 | NOTE | |||
r-devel-linux-x86_64-fedora-gcc | 0.23 | 66.63 | OK | |||
r-devel-windows-x86_64 | 0.23 | 970.00 | 83.00 | 1053.00 | NOTE | |
r-patched-linux-x86_64 | 0.23 | 6.67 | 51.92 | 58.59 | OK | |
r-release-linux-x86_64 | 0.23 | 4.68 | 51.15 | 55.83 | OK | |
r-release-macos-arm64 | 0.23 | 29.00 | NOTE | |||
r-release-macos-x86_64 | 0.23 | 36.00 | NOTE | |||
r-release-windows-x86_64 | 0.23 | 198.00 | 100.00 | 298.00 | NOTE | |
r-oldrel-macos-arm64 | 0.23 | 25.00 | NOTE | |||
r-oldrel-macos-x86_64 | 0.23 | 40.00 | NOTE | |||
r-oldrel-windows-ix86+x86_64 | 0.23 | 17.00 | 79.00 | 96.00 | NOTE |
Version: 0.23
Check: installed package size
Result: NOTE
installed size is 5.9Mb
sub-directories of 1Mb or more:
htmlwidgets 4.9Mb
Flavors: r-devel-linux-x86_64-fedora-clang, r-devel-windows-x86_64, r-release-macos-arm64, r-release-macos-x86_64, r-release-windows-x86_64, r-oldrel-macos-arm64, r-oldrel-macos-x86_64, r-oldrel-windows-ix86+x86_64