Last updated on 2022-05-15 01:52:18 CEST.
Flavor | Version | Tinstall | Tcheck | Ttotal | Status | Flags |
---|---|---|---|---|---|---|
r-devel-linux-x86_64-debian-clang | 1.1 | 2.28 | 34.04 | 36.32 | NOTE | |
r-devel-linux-x86_64-debian-gcc | 1.1 | 1.81 | 26.42 | 28.23 | NOTE | |
r-devel-linux-x86_64-fedora-clang | 1.1 | 44.10 | NOTE | |||
r-devel-linux-x86_64-fedora-gcc | 1.1 | 42.98 | NOTE | |||
r-devel-windows-x86_64 | 1.1 | 10.00 | 49.00 | 59.00 | NOTE | |
r-patched-linux-x86_64 | 1.1 | 2.18 | 32.22 | 34.40 | NOTE | |
r-release-linux-x86_64 | 1.1 | 1.69 | 33.24 | 34.93 | NOTE | |
r-release-macos-arm64 | 1.1 | 15.00 | NOTE | |||
r-release-macos-x86_64 | 1.1 | 22.00 | NOTE | |||
r-release-windows-x86_64 | 1.1 | 9.00 | 48.00 | 57.00 | NOTE | |
r-oldrel-macos-arm64 | 1.1 | 18.00 | NOTE | |||
r-oldrel-macos-x86_64 | 1.1 | 30.00 | NOTE | |||
r-oldrel-windows-ix86+x86_64 | 1.1 | 5.00 | 43.00 | 48.00 | NOTE |
Version: 1.1
Check: R code for possible problems
Result: NOTE
DSBayes: no visible global function definition for 'qnorm'
DSBayes: no visible global function definition for 'coef'
DSBayes: no visible global function definition for 'vcov'
DSBayes : MLE: no visible global function definition for 'qnorm'
DSBayes: no visible global function definition for 'integrate'
DSBayes : qfunc.numer : <anonymous>: no visible global function
definition for 'dnorm'
DSBayes : ds.numer: no visible global function definition for
'integrate'
DSBayes : lower: no visible global function definition for 'qlogis'
DSBayes : lower: no visible global function definition for 'integrate'
DSBayes : upper: no visible global function definition for 'qlogis'
DSBayes : upper: no visible global function definition for 'integrate'
DSBayes: no visible global function definition for 'optimize'
DSBayes: no visible global function definition for 'uniroot'
Undefined global functions or variables:
coef dnorm integrate optimize qlogis qnorm uniroot vcov
Consider adding
importFrom("stats", "coef", "dnorm", "integrate", "optimize", "qlogis",
"qnorm", "uniroot", "vcov")
to your NAMESPACE file.
Flavors: r-devel-linux-x86_64-debian-clang, r-devel-linux-x86_64-debian-gcc, r-devel-linux-x86_64-fedora-clang, r-devel-linux-x86_64-fedora-gcc, r-devel-windows-x86_64, r-patched-linux-x86_64, r-release-linux-x86_64, r-release-macos-arm64, r-release-macos-x86_64, r-release-windows-x86_64, r-oldrel-macos-arm64, r-oldrel-macos-x86_64, r-oldrel-windows-ix86+x86_64