Last updated on 2022-05-15 01:52:18 CEST.
Flavor | Version | Tinstall | Tcheck | Ttotal | Status | Flags |
---|---|---|---|---|---|---|
r-devel-linux-x86_64-debian-clang | 0.0.4 | 8.82 | 296.10 | 304.92 | NOTE | |
r-devel-linux-x86_64-debian-gcc | 0.0.4 | 8.09 | 217.54 | 225.63 | NOTE | |
r-devel-linux-x86_64-fedora-clang | 0.0.4 | 346.83 | NOTE | |||
r-devel-linux-x86_64-fedora-gcc | 0.0.4 | 349.39 | NOTE | |||
r-devel-windows-x86_64 | 0.0.4 | 15.00 | 287.00 | 302.00 | NOTE | |
r-patched-linux-x86_64 | 0.0.4 | 8.42 | 280.05 | 288.47 | NOTE | |
r-release-linux-x86_64 | 0.0.4 | 6.75 | 281.45 | 288.20 | NOTE | |
r-release-macos-arm64 | 0.0.4 | 85.00 | NOTE | |||
r-release-macos-x86_64 | 0.0.4 | 118.00 | NOTE | |||
r-release-windows-x86_64 | 0.0.4 | 11.00 | 292.00 | 303.00 | NOTE | |
r-oldrel-macos-arm64 | 0.0.4 | 90.00 | NOTE | |||
r-oldrel-macos-x86_64 | 0.0.4 | 177.00 | NOTE | |||
r-oldrel-windows-ix86+x86_64 | 0.0.4 | 20.00 | 305.00 | 325.00 | NOTE |
Version: 0.0.4
Check: LazyData
Result: NOTE
'LazyData' is specified without a 'data' directory
Flavors: r-devel-linux-x86_64-debian-clang, r-devel-linux-x86_64-debian-gcc, r-devel-linux-x86_64-fedora-clang, r-devel-linux-x86_64-fedora-gcc, r-devel-windows-x86_64, r-patched-linux-x86_64, r-release-linux-x86_64, r-release-macos-arm64, r-release-macos-x86_64, r-release-windows-x86_64, r-oldrel-macos-arm64, r-oldrel-macos-x86_64, r-oldrel-windows-ix86+x86_64