Last updated on 2022-05-15 01:52:17 CEST.
Flavor | Version | Tinstall | Tcheck | Ttotal | Status | Flags |
---|---|---|---|---|---|---|
r-devel-linux-x86_64-debian-clang | 0.2.5 | 11.24 | 106.18 | 117.42 | OK | |
r-devel-linux-x86_64-debian-gcc | 0.2.5 | 10.09 | 80.17 | 90.26 | OK | |
r-devel-linux-x86_64-fedora-clang | 0.2.5 | 154.09 | OK | |||
r-devel-linux-x86_64-fedora-gcc | 0.2.5 | 134.50 | OK | |||
r-devel-windows-x86_64 | 0.2.5 | 16.00 | 116.00 | 132.00 | OK | |
r-patched-linux-x86_64 | 0.2.5 | 10.94 | 100.80 | 111.74 | OK | |
r-release-linux-x86_64 | 0.2.5 | 9.53 | 99.08 | 108.61 | OK | |
r-release-macos-arm64 | 0.2.5 | 37.00 | OK | |||
r-release-macos-x86_64 | 0.2.5 | 59.00 | OK | |||
r-release-windows-x86_64 | 0.2.5 | 16.00 | 120.00 | 136.00 | OK | |
r-oldrel-macos-arm64 | 0.2.5 | 50.00 | OK | |||
r-oldrel-macos-x86_64 | 0.2.5 | 70.00 | OK | |||
r-oldrel-windows-ix86+x86_64 | 0.2.5 | 25.00 | 9.00 | 34.00 | ERROR |
Version: 0.2.5
Check: whether package can be installed
Result: ERROR
Installation failed.
Flavor: r-oldrel-windows-ix86+x86_64