Last updated on 2022-05-15 01:52:17 CEST.
Flavor | Version | Tinstall | Tcheck | Ttotal | Status | Flags |
---|---|---|---|---|---|---|
r-devel-linux-x86_64-debian-clang | 0.1.2 | 2.75 | 54.29 | 57.04 | NOTE | |
r-devel-linux-x86_64-debian-gcc | 0.1.2 | 2.08 | 40.61 | 42.69 | NOTE | |
r-devel-linux-x86_64-fedora-clang | 0.1.2 | 67.53 | NOTE | |||
r-devel-linux-x86_64-fedora-gcc | 0.1.2 | 66.69 | NOTE | |||
r-devel-windows-x86_64 | 0.1.2 | 10.00 | 70.00 | 80.00 | NOTE | |
r-patched-linux-x86_64 | 0.1.2 | 2.73 | 51.15 | 53.88 | NOTE | |
r-release-linux-x86_64 | 0.1.2 | 1.91 | 51.57 | 53.48 | NOTE | |
r-release-macos-arm64 | 0.1.2 | 26.00 | NOTE | |||
r-release-macos-x86_64 | 0.1.2 | 43.00 | NOTE | |||
r-release-windows-x86_64 | 0.1.2 | 11.00 | 72.00 | 83.00 | NOTE | |
r-oldrel-macos-arm64 | 0.1.2 | 28.00 | NOTE | |||
r-oldrel-macos-x86_64 | 0.1.2 | 42.00 | NOTE | |||
r-oldrel-windows-ix86+x86_64 | 0.1.2 | 9.00 | 68.00 | 77.00 | NOTE |
Version: 0.1.2
Check: LazyData
Result: NOTE
'LazyData' is specified without a 'data' directory
Flavors: r-devel-linux-x86_64-debian-clang, r-devel-linux-x86_64-debian-gcc, r-devel-linux-x86_64-fedora-clang, r-devel-linux-x86_64-fedora-gcc, r-devel-windows-x86_64, r-patched-linux-x86_64, r-release-linux-x86_64, r-release-macos-arm64, r-release-macos-x86_64, r-release-windows-x86_64, r-oldrel-macos-arm64, r-oldrel-macos-x86_64, r-oldrel-windows-ix86+x86_64