CRAN Package Check Results for Package DIRECT

Last updated on 2022-05-15 01:52:17 CEST.

Flavor Version Tinstall Tcheck Ttotal Status Flags
r-devel-linux-x86_64-debian-clang 1.0.1 4.26 38.48 42.74 OK
r-devel-linux-x86_64-debian-gcc 1.0.1 3.53 30.16 33.69 OK
r-devel-linux-x86_64-fedora-clang 1.0.1 53.18 NOTE
r-devel-linux-x86_64-fedora-gcc 1.0.1 51.13 NOTE
r-devel-windows-x86_64 1.0.1 25.00 62.00 87.00 OK
r-patched-linux-x86_64 1.0.1 4.21 37.18 41.39 OK
r-release-linux-x86_64 1.0.1 3.63 37.21 40.84 OK
r-release-macos-arm64 1.0.1 18.00 OK
r-release-macos-x86_64 1.0.1 25.00 OK
r-release-windows-x86_64 1.0.1 16.00 61.00 77.00 OK
r-oldrel-macos-arm64 1.0.1 24.00 OK
r-oldrel-macos-x86_64 1.0.1 36.00 OK
r-oldrel-windows-ix86+x86_64 1.0.1 12.00 51.00 63.00 OK

Check Details

Version: 1.0.1
Check: compiled code
Result: NOTE
    File ‘DIRECT/libs/DIRECT.so’:
     Found no calls to: ‘R_registerRoutines’, ‘R_useDynamicSymbols’
    
    It is good practice to register native routines and to disable symbol
    search.
    
    See ‘Writing portable packages’ in the ‘Writing R Extensions’ manual.
Flavors: r-devel-linux-x86_64-fedora-clang, r-devel-linux-x86_64-fedora-gcc