Last updated on 2022-05-15 01:52:17 CEST.
Flavor | Version | Tinstall | Tcheck | Ttotal | Status | Flags |
---|---|---|---|---|---|---|
r-devel-linux-x86_64-debian-clang | 0.4.5 | 12.02 | 334.41 | 346.43 | OK | |
r-devel-linux-x86_64-debian-gcc | 0.4.5 | 10.08 | 241.89 | 251.97 | OK | |
r-devel-linux-x86_64-fedora-clang | 0.4.5 | 399.62 | NOTE | |||
r-devel-linux-x86_64-fedora-gcc | 0.4.5 | 464.64 | OK | |||
r-devel-windows-x86_64 | 0.4.5 | 37.00 | 377.00 | 414.00 | NOTE | |
r-patched-linux-x86_64 | 0.4.5 | 15.04 | 317.47 | 332.51 | OK | |
r-release-linux-x86_64 | 0.4.5 | 11.47 | 316.19 | 327.66 | OK | |
r-release-macos-arm64 | 0.4.5 | 135.00 | NOTE | |||
r-release-macos-x86_64 | 0.4.5 | 212.00 | NOTE | |||
r-release-windows-x86_64 | 0.4.5 | 53.00 | 372.00 | 425.00 | NOTE | |
r-oldrel-macos-arm64 | 0.4.5 | 136.00 | NOTE | |||
r-oldrel-macos-x86_64 | 0.4.5 | 161.00 | NOTE | |||
r-oldrel-windows-ix86+x86_64 | 0.4.5 | 27.00 | 340.00 | 367.00 | NOTE |
Version: 0.4.5
Check: installed package size
Result: NOTE
installed size is 5.5Mb
sub-directories of 1Mb or more:
doc 5.1Mb
Flavors: r-devel-linux-x86_64-fedora-clang, r-devel-windows-x86_64, r-release-macos-arm64, r-release-macos-x86_64, r-release-windows-x86_64, r-oldrel-macos-arm64, r-oldrel-macos-x86_64, r-oldrel-windows-ix86+x86_64
Version: 0.4.5
Check: package dependencies
Result: NOTE
Package which this enhances but not available for checking: ‘rjags’
Flavor: r-release-macos-x86_64