Last updated on 2022-05-15 01:52:17 CEST.
Flavor | Version | Tinstall | Tcheck | Ttotal | Status | Flags |
---|---|---|---|---|---|---|
r-devel-linux-x86_64-debian-clang | 1.2.0 | 20.38 | 197.69 | 218.07 | OK | |
r-devel-linux-x86_64-debian-gcc | 1.2.0 | 15.72 | 145.88 | 161.60 | OK | |
r-devel-linux-x86_64-fedora-clang | 1.2.0 | 266.60 | NOTE | |||
r-devel-linux-x86_64-fedora-gcc | 1.2.0 | 248.98 | OK | |||
r-devel-windows-x86_64 | 1.2.0 | 28.00 | 201.00 | 229.00 | NOTE | |
r-patched-linux-x86_64 | 1.2.0 | 18.41 | 183.53 | 201.94 | OK | |
r-release-linux-x86_64 | 1.2.0 | 14.27 | 184.55 | 198.82 | OK | |
r-release-macos-arm64 | 1.2.0 | 69.00 | NOTE | |||
r-release-macos-x86_64 | 1.2.0 | 117.00 | NOTE | |||
r-release-windows-x86_64 | 1.2.0 | 35.00 | 200.00 | 235.00 | NOTE | |
r-oldrel-macos-arm64 | 1.2.0 | 383.00 | NOTE | |||
r-oldrel-macos-x86_64 | 1.2.0 | 104.00 | NOTE | |||
r-oldrel-windows-ix86+x86_64 | 1.2.0 | 44.00 | 203.00 | 247.00 | NOTE |
Version: 1.2.0
Check: installed package size
Result: NOTE
installed size is 5.1Mb
sub-directories of 1Mb or more:
doc 4.4Mb
Flavors: r-devel-linux-x86_64-fedora-clang, r-devel-windows-x86_64, r-release-macos-arm64, r-release-macos-x86_64, r-release-windows-x86_64, r-oldrel-macos-arm64, r-oldrel-macos-x86_64, r-oldrel-windows-ix86+x86_64