Last updated on 2022-05-15 01:52:16 CEST.
Flavor | Version | Tinstall | Tcheck | Ttotal | Status | Flags |
---|---|---|---|---|---|---|
r-devel-linux-x86_64-debian-clang | 1.2.7 | 11.58 | 123.54 | 135.12 | OK | |
r-devel-linux-x86_64-debian-gcc | 1.2.7 | 9.56 | 91.46 | 101.02 | OK | |
r-devel-linux-x86_64-fedora-clang | 1.2.7 | 167.12 | NOTE | |||
r-devel-linux-x86_64-fedora-gcc | 1.2.7 | 157.90 | OK | |||
r-devel-windows-x86_64 | 1.2.7 | 29.00 | 171.00 | 200.00 | OK | |
r-patched-linux-x86_64 | 1.2.7 | 11.05 | 115.08 | 126.13 | OK | |
r-release-linux-x86_64 | 1.2.7 | 9.31 | 116.15 | 125.46 | OK | |
r-release-macos-arm64 | 1.2.7 | 44.00 | OK | |||
r-release-macos-x86_64 | 1.2.7 | 70.00 | OK | |||
r-release-windows-x86_64 | 1.2.7 | 31.00 | 176.00 | 207.00 | OK | |
r-oldrel-macos-arm64 | 1.2.7 | 43.00 | OK | |||
r-oldrel-macos-x86_64 | 1.2.7 | 60.00 | OK | |||
r-oldrel-windows-ix86+x86_64 | 1.2.7 | 27.00 | 157.00 | 184.00 | OK |
Version: 1.2.7
Check: Rd cross-references
Result: NOTE
Undeclared package ‘copula’ in Rd xrefs
Flavor: r-devel-linux-x86_64-fedora-clang