CRAN Package Check Results for Package ConformalSmallest

Last updated on 2022-05-15 01:52:16 CEST.

Flavor Version Tinstall Tcheck Ttotal Status Flags
r-devel-linux-x86_64-debian-clang 1.0 4.26 108.21 112.47 OK
r-devel-linux-x86_64-debian-gcc 1.0 2.19 80.22 82.41 OK
r-devel-linux-x86_64-fedora-clang 1.0 134.87 NOTE
r-devel-linux-x86_64-fedora-gcc 1.0 128.99 NOTE
r-devel-windows-x86_64 1.0 77.00 128.00 205.00 OK
r-patched-linux-x86_64 1.0 4.31 102.99 107.30 OK
r-release-linux-x86_64 1.0 3.09 105.43 108.52 OK
r-release-macos-arm64 1.0 36.00 NOTE
r-release-macos-x86_64 1.0 53.00 NOTE
r-release-windows-x86_64 1.0 72.00 129.00 201.00 OK
r-oldrel-macos-arm64 1.0 45.00 NOTE
r-oldrel-macos-x86_64 1.0 52.00 NOTE
r-oldrel-windows-ix86+x86_64 1.0 8.00 123.00 131.00 OK

Check Details

Version: 1.0
Check: dependencies in R code
Result: NOTE
    Namespace in Imports field not imported from: ‘mvtnorm’
     All declared Imports should be used.
Flavors: r-devel-linux-x86_64-fedora-clang, r-devel-linux-x86_64-fedora-gcc, r-release-macos-arm64, r-release-macos-x86_64, r-oldrel-macos-arm64, r-oldrel-macos-x86_64