Last updated on 2022-05-15 01:52:16 CEST.
Flavor | Version | Tinstall | Tcheck | Ttotal | Status | Flags |
---|---|---|---|---|---|---|
r-devel-linux-x86_64-debian-clang | 0.1.2 | 18.13 | 184.33 | 202.46 | OK | |
r-devel-linux-x86_64-debian-gcc | 0.1.2 | 14.04 | 138.22 | 152.26 | OK | |
r-devel-linux-x86_64-fedora-clang | 0.1.2 | 247.75 | NOTE | |||
r-devel-linux-x86_64-fedora-gcc | 0.1.2 | 231.05 | NOTE | |||
r-devel-windows-x86_64 | 0.1.2 | 19.00 | 193.00 | 212.00 | OK | |
r-patched-linux-x86_64 | 0.1.2 | 17.14 | 176.91 | 194.05 | OK | |
r-release-linux-x86_64 | 0.1.2 | 15.60 | 177.63 | 193.23 | OK | |
r-release-macos-arm64 | 0.1.2 | 57.00 | NOTE | |||
r-release-macos-x86_64 | 0.1.2 | 99.00 | NOTE | |||
r-release-windows-x86_64 | 0.1.2 | 21.00 | 196.00 | 217.00 | OK | |
r-oldrel-macos-arm64 | 0.1.2 | 43.00 | NOTE | |||
r-oldrel-macos-x86_64 | 0.1.2 | 85.00 | NOTE | |||
r-oldrel-windows-ix86+x86_64 | 0.1.2 | 39.00 | 193.00 | 232.00 | OK |
Version: 0.1.2
Check: dependencies in R code
Result: NOTE
Namespaces in Imports field not imported from:
‘kernlab’ ‘purrr’ ‘survminer’ ‘tidyverse’
All declared Imports should be used.
Flavors: r-devel-linux-x86_64-fedora-clang, r-devel-linux-x86_64-fedora-gcc, r-release-macos-arm64, r-release-macos-x86_64, r-oldrel-macos-arm64, r-oldrel-macos-x86_64