CRAN Package Check Results for Package CompDist

Last updated on 2022-05-15 01:52:16 CEST.

Flavor Version Tinstall Tcheck Ttotal Status Flags
r-devel-linux-x86_64-debian-clang 1.0 3.46 37.68 41.14 OK
r-devel-linux-x86_64-debian-gcc 1.0 2.60 29.14 31.74 OK
r-devel-linux-x86_64-fedora-clang 1.0 50.94 NOTE
r-devel-linux-x86_64-fedora-gcc 1.0 48.77 NOTE
r-devel-windows-x86_64 1.0 9.00 64.00 73.00 OK
r-patched-linux-x86_64 1.0 2.83 36.52 39.35 OK
r-release-linux-x86_64 1.0 2.77 37.20 39.97 OK
r-release-macos-arm64 1.0 14.00 NOTE
r-release-macos-x86_64 1.0 24.00 NOTE
r-release-windows-x86_64 1.0 10.00 57.00 67.00 OK
r-oldrel-macos-arm64 1.0 24.00 NOTE
r-oldrel-macos-x86_64 1.0 25.00 NOTE
r-oldrel-windows-ix86+x86_64 1.0 9.00 48.00 57.00 OK

Check Details

Version: 1.0
Check: dependencies in R code
Result: NOTE
    Namespaces in Imports field not imported from:
     ‘PearsonDS’ ‘VGAM’ ‘actuar’ ‘fExtremes’ ‘rmutil’
     All declared Imports should be used.
Flavors: r-devel-linux-x86_64-fedora-clang, r-devel-linux-x86_64-fedora-gcc, r-release-macos-arm64, r-release-macos-x86_64, r-oldrel-macos-arm64, r-oldrel-macos-x86_64