CRAN Package Check Results for Package CodeDepends

Last updated on 2022-05-15 01:52:16 CEST.

Flavor Version Tinstall Tcheck Ttotal Status Flags
r-devel-linux-x86_64-debian-clang 0.6.5 12.35 99.41 111.76 NOTE
r-devel-linux-x86_64-debian-gcc 0.6.5 8.63 76.44 85.07 NOTE
r-devel-linux-x86_64-fedora-clang 0.6.5 133.06 NOTE
r-devel-linux-x86_64-fedora-gcc 0.6.5 129.07 NOTE
r-devel-windows-x86_64 0.6.5 130.00 126.00 256.00 OK
r-patched-linux-x86_64 0.6.5 14.56 94.23 108.79 NOTE
r-release-linux-x86_64 0.6.5 9.26 96.48 105.74 NOTE
r-release-macos-arm64 0.6.5 40.00 OK
r-release-macos-x86_64 0.6.5 56.00 OK
r-release-windows-x86_64 0.6.5 133.00 129.00 262.00 OK
r-oldrel-macos-arm64 0.6.5 49.00 OK
r-oldrel-macos-x86_64 0.6.5 81.00 OK
r-oldrel-windows-ix86+x86_64 0.6.5 25.00 103.00 128.00 OK

Check Details

Version: 0.6.5
Check: for non-standard things in the check directory
Result: NOTE
    Found the following files/directories:
     'foo.R' 'foo.html'
Flavors: r-devel-linux-x86_64-debian-clang, r-devel-linux-x86_64-debian-gcc, r-devel-linux-x86_64-fedora-clang, r-devel-linux-x86_64-fedora-gcc, r-patched-linux-x86_64, r-release-linux-x86_64