Last updated on 2022-05-15 01:52:16 CEST.
Flavor | Version | Tinstall | Tcheck | Ttotal | Status | Flags |
---|---|---|---|---|---|---|
r-devel-linux-x86_64-debian-clang | 1.2.6 | 76.64 | 222.53 | 299.17 | OK | |
r-devel-linux-x86_64-debian-gcc | 1.2.6 | 64.41 | 157.77 | 222.18 | OK | |
r-devel-linux-x86_64-fedora-clang | 1.2.6 | 402.21 | NOTE | |||
r-devel-linux-x86_64-fedora-gcc | 1.2.6 | 369.21 | OK | |||
r-devel-windows-x86_64 | 1.2.6 | 77.00 | 285.00 | 362.00 | OK | |
r-patched-linux-x86_64 | 1.2.6 | 63.13 | 214.43 | 277.56 | OK | |
r-release-linux-x86_64 | 1.2.6 | 69.11 | 215.10 | 284.21 | OK | |
r-release-macos-arm64 | 1.2.6 | 100.00 | NOTE | |||
r-release-macos-x86_64 | 1.2.6 | 172.00 | NOTE | |||
r-release-windows-x86_64 | 1.2.6 | 80.00 | 286.00 | 366.00 | OK | |
r-oldrel-macos-arm64 | 1.2.6 | 90.00 | NOTE | |||
r-oldrel-macos-x86_64 | 1.2.6 | 135.00 | NOTE | |||
r-oldrel-windows-ix86+x86_64 | 1.2.6 | 161.00 | 302.00 | 463.00 | OK |
Version: 1.2.6
Check: installed package size
Result: NOTE
installed size is 6.5Mb
sub-directories of 1Mb or more:
libs 5.3Mb
Flavors: r-devel-linux-x86_64-fedora-clang, r-release-macos-arm64, r-release-macos-x86_64, r-oldrel-macos-arm64, r-oldrel-macos-x86_64