Last updated on 2022-05-15 01:52:15 CEST.
Flavor | Version | Tinstall | Tcheck | Ttotal | Status | Flags |
---|---|---|---|---|---|---|
r-devel-linux-x86_64-debian-clang | 0.9.0 | 164.11 | 60.03 | 224.14 | OK | |
r-devel-linux-x86_64-debian-gcc | 0.9.0 | 134.92 | 44.92 | 179.84 | OK | |
r-devel-linux-x86_64-fedora-clang | 0.9.0 | 343.43 | NOTE | |||
r-devel-linux-x86_64-fedora-gcc | 0.9.0 | 293.57 | NOTE | |||
r-devel-windows-x86_64 | 0.9.0 | 130.00 | 110.00 | 240.00 | OK | |
r-patched-linux-x86_64 | 0.9.0 | 147.78 | 56.71 | 204.49 | OK | |
r-release-linux-x86_64 | 0.9.0 | 151.46 | 57.24 | 208.70 | OK | |
r-release-macos-arm64 | 0.9.0 | 69.00 | NOTE | |||
r-release-macos-x86_64 | 0.9.0 | 120.00 | NOTE | |||
r-release-windows-x86_64 | 0.9.0 | 143.00 | 108.00 | 251.00 | OK | |
r-oldrel-macos-arm64 | 0.9.0 | 78.00 | NOTE | |||
r-oldrel-macos-x86_64 | 0.9.0 | 147.00 | NOTE | |||
r-oldrel-windows-ix86+x86_64 | 0.9.0 | 413.00 | 133.00 | 546.00 | NOTE |
Version: 0.9.0
Check: installed package size
Result: NOTE
installed size is 6.2Mb
sub-directories of 1Mb or more:
data 1.8Mb
libs 3.8Mb
Flavors: r-devel-linux-x86_64-fedora-clang, r-release-macos-arm64, r-release-macos-x86_64, r-oldrel-macos-arm64, r-oldrel-macos-x86_64, r-oldrel-windows-ix86+x86_64
Version: 0.9.0
Check: dependencies in R code
Result: NOTE
Namespaces in Imports field not imported from:
‘RInside’ ‘circular’
All declared Imports should be used.
Flavors: r-devel-linux-x86_64-fedora-clang, r-devel-linux-x86_64-fedora-gcc, r-release-macos-arm64, r-release-macos-x86_64, r-oldrel-macos-arm64, r-oldrel-macos-x86_64