CRAN Package Check Results for Package Census2016

Last updated on 2022-05-15 01:52:15 CEST.

Flavor Version Tinstall Tcheck Ttotal Status Flags
r-devel-linux-x86_64-debian-clang 0.2.0 9.79 58.52 68.31 OK
r-devel-linux-x86_64-debian-gcc 0.2.0 7.04 44.11 51.15 OK
r-devel-linux-x86_64-fedora-clang 0.2.0 82.75 NOTE
r-devel-linux-x86_64-fedora-gcc 0.2.0 78.48 NOTE
r-devel-windows-x86_64 0.2.0 37.00 91.00 128.00 OK
r-patched-linux-x86_64 0.2.0 8.75 55.34 64.09 OK
r-release-linux-x86_64 0.2.0 7.35 55.78 63.13 OK
r-release-macos-arm64 0.2.0 30.00 NOTE
r-release-macos-x86_64 0.2.0 36.00 NOTE
r-release-windows-x86_64 0.2.0 25.00 90.00 115.00 OK
r-oldrel-macos-arm64 0.2.0 31.00 NOTE
r-oldrel-macos-x86_64 0.2.0 48.00 NOTE
r-oldrel-windows-ix86+x86_64 0.2.0 17.00 90.00 107.00 OK

Check Details

Version: 0.2.0
Check: dependencies in R code
Result: NOTE
    Namespace in Imports field not imported from: ‘data.table’
     All declared Imports should be used.
Flavors: r-devel-linux-x86_64-fedora-clang, r-devel-linux-x86_64-fedora-gcc, r-release-macos-arm64, r-release-macos-x86_64, r-oldrel-macos-arm64, r-oldrel-macos-x86_64