Last updated on 2022-05-15 01:52:15 CEST.
Flavor | Version | Tinstall | Tcheck | Ttotal | Status | Flags |
---|---|---|---|---|---|---|
r-devel-linux-x86_64-debian-clang | 2.11 | 0.48 | 11.91 | 12.39 | ERROR | |
r-devel-linux-x86_64-debian-gcc | 2.11 | 0.35 | 8.77 | 9.12 | ERROR | |
r-devel-linux-x86_64-fedora-clang | 2.11 | 13.26 | ERROR | |||
r-devel-linux-x86_64-fedora-gcc | 2.11 | 12.70 | ERROR | |||
r-devel-windows-x86_64 | 2.11 | 18.00 | 93.00 | 111.00 | NOTE | |
r-patched-linux-x86_64 | 2.11 | 10.38 | 78.83 | 89.21 | NOTE | |
r-release-linux-x86_64 | 2.11 | 8.42 | 79.24 | 87.66 | NOTE | |
r-release-macos-arm64 | 2.11 | 31.00 | NOTE | |||
r-release-macos-x86_64 | 2.11 | 54.00 | NOTE | |||
r-release-windows-x86_64 | 2.11 | 15.00 | 94.00 | 109.00 | NOTE | |
r-oldrel-macos-arm64 | 2.11 | 36.00 | NOTE | |||
r-oldrel-macos-x86_64 | 2.11 | 57.00 | NOTE | |||
r-oldrel-windows-ix86+x86_64 | 2.11 | 24.00 | 91.00 | 115.00 | NOTE |
Version: 2.11
Check: package dependencies
Result: ERROR
Packages required but not available: 'MomTrunc', 'tlrmvnmvt'
See section 'The DESCRIPTION file' in the 'Writing R Extensions'
manual.
Flavors: r-devel-linux-x86_64-debian-clang, r-devel-linux-x86_64-debian-gcc, r-devel-linux-x86_64-fedora-clang, r-devel-linux-x86_64-fedora-gcc
Version: 2.11
Check: LazyData
Result: NOTE
'LazyData' is specified without a 'data' directory
Flavors: r-devel-windows-x86_64, r-patched-linux-x86_64, r-release-linux-x86_64, r-release-macos-arm64, r-release-macos-x86_64, r-release-windows-x86_64, r-oldrel-macos-arm64, r-oldrel-macos-x86_64, r-oldrel-windows-ix86+x86_64